{"id":264,"date":"2025-05-28T21:05:16","date_gmt":"2025-05-28T21:05:16","guid":{"rendered":"http:\/\/or-firedup.lndo.site\/?post_type=event&#038;p=264"},"modified":"2025-06-16T21:07:23","modified_gmt":"2025-06-16T21:07:23","slug":"santa-rosa-california-legal-aid-at-work-and-raizes-collective","status":"publish","type":"event","link":"https:\/\/fundtexasforever.org\/es\/local-actions\/santa-rosa-california-legal-aid-at-work-and-raizes-collective\/","title":{"rendered":"Santa Rosa, California | Legal Aid at Work and Raizes Collective"},"content":{"rendered":"<p>\u00danase a Legal Aid at Work, ALMAS Libres y Raizes Collective en un evento dedicado a concientizar sobre los riesgos de exposici\u00f3n al calor que enfrentan los trabajadores agr\u00edcolas en la Bah\u00eda Norte y a abogar por mayores protecciones estatales.<\/p>\n<p>Lugar: Parque de Comida de Mitote<\/p>\n<p><strong>Para mas informacion, contacte a:<\/strong><\/p>\n<p><strong>Athena Arana \u2013 aarana@legalaidatwork.org o 415-593-0054<\/strong><\/p>\n<p><strong>Isabel Lopez \u2013 raizescollective@gmail.com o 707-286-6300<\/strong><\/p>","protected":false},"excerpt":{"rendered":"<p>Join Legal Aid at Work, ALMAS Libres, and Raizes Collective for an event dedicated to raising awareness about the risks of heat exposure faced by agricultural workers in the North Bay, and to advocate for enhanced statewide protections. Location: Mitote\u2019s Food Park For more information, please contact: Athena Arana &#8211; aarana@legalaidatwork.org or 415-593-0054 Isabel Lopez [&hellip;]<\/p>\n","protected":false},"parent":0,"template":"","class_list":["post-264","event","type-event","status-publish","hentry"],"yoast_head":"<title>Santa Rosa, California | Legal Aid at Work and Raizes Collective - Fund Texas Forever!<\/title>\n<meta name=\"robots\" content=\"index, follow, max-snippet:-1, max-image-preview:large, max-video-preview:-1\" \/>\n<link rel=\"canonical\" href=\"https:\/\/fundtexasforever.org\/es\/local-actions\/santa-rosa-california-legal-aid-at-work-and-raizes-collective\/\" \/>\n<meta property=\"og:locale\" content=\"es_MX\" \/>\n<meta property=\"og:type\" content=\"article\" \/>\n<meta property=\"og:title\" content=\"Santa Rosa, California | Legal Aid at Work and Raizes Collective - Fund Texas Forever!\" \/>\n<meta property=\"og:description\" content=\"Join Legal Aid at Work, ALMAS Libres, and Raizes Collective for an event dedicated to raising awareness about the risks of heat exposure faced by agricultural workers in the North Bay, and to advocate for enhanced statewide protections. Location: Mitote\u2019s Food Park For more information, please contact: Athena Arana &#8211; aarana@legalaidatwork.org or 415-593-0054 Isabel Lopez [&hellip;]\" \/>\n<meta property=\"og:url\" content=\"https:\/\/fundtexasforever.org\/es\/local-actions\/santa-rosa-california-legal-aid-at-work-and-raizes-collective\/\" \/>\n<meta property=\"og:site_name\" content=\"Fund Texas Forever!\" \/>\n<meta property=\"article:modified_time\" content=\"2025-06-16T21:07:23+00:00\" \/>\n<meta name=\"twitter:card\" content=\"summary_large_image\" \/>\n<meta name=\"twitter:label1\" content=\"Est. reading time\" \/>\n\t<meta name=\"twitter:data1\" content=\"1 minuto\" \/>\n<script type=\"application\/ld+json\" class=\"yoast-schema-graph\">{\"@context\":\"https:\/\/schema.org\",\"@graph\":[{\"@type\":\"WebPage\",\"@id\":\"https:\/\/fundtexasforever.org\/local-actions\/santa-rosa-california-legal-aid-at-work-and-raizes-collective\/\",\"url\":\"https:\/\/fundtexasforever.org\/local-actions\/santa-rosa-california-legal-aid-at-work-and-raizes-collective\/\",\"name\":\"Santa Rosa, California | Legal Aid at Work and Raizes Collective - Fund Texas Forever!\",\"isPartOf\":{\"@id\":\"https:\/\/live-or-fund-texas-forever.pantheonsite.io\/#website\"},\"datePublished\":\"2025-05-28T21:05:16+00:00\",\"dateModified\":\"2025-06-16T21:07:23+00:00\",\"breadcrumb\":{\"@id\":\"https:\/\/fundtexasforever.org\/local-actions\/santa-rosa-california-legal-aid-at-work-and-raizes-collective\/#breadcrumb\"},\"inLanguage\":\"es\",\"potentialAction\":[{\"@type\":\"ReadAction\",\"target\":[\"https:\/\/fundtexasforever.org\/local-actions\/santa-rosa-california-legal-aid-at-work-and-raizes-collective\/\"]}]},{\"@type\":\"BreadcrumbList\",\"@id\":\"https:\/\/fundtexasforever.org\/local-actions\/santa-rosa-california-legal-aid-at-work-and-raizes-collective\/#breadcrumb\",\"itemListElement\":[{\"@type\":\"ListItem\",\"position\":1,\"name\":\"Home\",\"item\":\"https:\/\/live-or-fund-texas-forever.pantheonsite.io\/\"},{\"@type\":\"ListItem\",\"position\":2,\"name\":\"Santa Rosa, California | Legal Aid at Work and Raizes Collective\"}]},{\"@type\":\"WebSite\",\"@id\":\"https:\/\/live-or-fund-texas-forever.pantheonsite.io\/#website\",\"url\":\"https:\/\/live-or-fund-texas-forever.pantheonsite.io\/\",\"name\":\"Fund Texas Forever!\",\"description\":\"Flood Survivors Demand Long-Term Relief Now\",\"potentialAction\":[{\"@type\":\"SearchAction\",\"target\":{\"@type\":\"EntryPoint\",\"urlTemplate\":\"https:\/\/live-or-fund-texas-forever.pantheonsite.io\/?s={search_term_string}\"},\"query-input\":{\"@type\":\"PropertyValueSpecification\",\"valueRequired\":true,\"valueName\":\"search_term_string\"}}],\"inLanguage\":\"es\"}]}<\/script>","yoast_head_json":{"title":"Santa Rosa, California | Legal Aid at Work and Raizes Collective - Fund Texas Forever!","robots":{"index":"index","follow":"follow","max-snippet":"max-snippet:-1","max-image-preview":"max-image-preview:large","max-video-preview":"max-video-preview:-1"},"canonical":"https:\/\/fundtexasforever.org\/es\/local-actions\/santa-rosa-california-legal-aid-at-work-and-raizes-collective\/","og_locale":"es_MX","og_type":"article","og_title":"Santa Rosa, California | Legal Aid at Work and Raizes Collective - Fund Texas Forever!","og_description":"Join Legal Aid at Work, ALMAS Libres, and Raizes Collective for an event dedicated to raising awareness about the risks of heat exposure faced by agricultural workers in the North Bay, and to advocate for enhanced statewide protections. Location: Mitote\u2019s Food Park For more information, please contact: Athena Arana &#8211; aarana@legalaidatwork.org or 415-593-0054 Isabel Lopez [&hellip;]","og_url":"https:\/\/fundtexasforever.org\/es\/local-actions\/santa-rosa-california-legal-aid-at-work-and-raizes-collective\/","og_site_name":"Fund Texas Forever!","article_modified_time":"2025-06-16T21:07:23+00:00","twitter_card":"summary_large_image","twitter_misc":{"Est. reading time":"1 minuto"},"schema":{"@context":"https:\/\/schema.org","@graph":[{"@type":"WebPage","@id":"https:\/\/fundtexasforever.org\/local-actions\/santa-rosa-california-legal-aid-at-work-and-raizes-collective\/","url":"https:\/\/fundtexasforever.org\/local-actions\/santa-rosa-california-legal-aid-at-work-and-raizes-collective\/","name":"Santa Rosa, California | Legal Aid at Work and Raizes Collective - Fund Texas Forever!","isPartOf":{"@id":"https:\/\/live-or-fund-texas-forever.pantheonsite.io\/#website"},"datePublished":"2025-05-28T21:05:16+00:00","dateModified":"2025-06-16T21:07:23+00:00","breadcrumb":{"@id":"https:\/\/fundtexasforever.org\/local-actions\/santa-rosa-california-legal-aid-at-work-and-raizes-collective\/#breadcrumb"},"inLanguage":"es","potentialAction":[{"@type":"ReadAction","target":["https:\/\/fundtexasforever.org\/local-actions\/santa-rosa-california-legal-aid-at-work-and-raizes-collective\/"]}]},{"@type":"BreadcrumbList","@id":"https:\/\/fundtexasforever.org\/local-actions\/santa-rosa-california-legal-aid-at-work-and-raizes-collective\/#breadcrumb","itemListElement":[{"@type":"ListItem","position":1,"name":"Home","item":"https:\/\/live-or-fund-texas-forever.pantheonsite.io\/"},{"@type":"ListItem","position":2,"name":"Santa Rosa, California | Legal Aid at Work and Raizes Collective"}]},{"@type":"WebSite","@id":"https:\/\/live-or-fund-texas-forever.pantheonsite.io\/#website","url":"https:\/\/live-or-fund-texas-forever.pantheonsite.io\/","name":"Fund Texas Forever!","description":"Los Sobrevivientes de las Inundaciones Exigen Ayuda a Largo Plazo Ahora","potentialAction":[{"@type":"SearchAction","target":{"@type":"EntryPoint","urlTemplate":"https:\/\/live-or-fund-texas-forever.pantheonsite.io\/?s={search_term_string}"},"query-input":{"@type":"PropertyValueSpecification","valueRequired":true,"valueName":"search_term_string"}}],"inLanguage":"es"}]}},"acf":[],"_links":{"self":[{"href":"https:\/\/fundtexasforever.org\/es\/wp-json\/wp\/v2\/event\/264","targetHints":{"allow":["GET"]}}],"collection":[{"href":"https:\/\/fundtexasforever.org\/es\/wp-json\/wp\/v2\/event"}],"about":[{"href":"https:\/\/fundtexasforever.org\/es\/wp-json\/wp\/v2\/types\/event"}],"wp:attachment":[{"href":"https:\/\/fundtexasforever.org\/es\/wp-json\/wp\/v2\/media?parent=264"}],"curies":[{"name":"wp","href":"https:\/\/api.w.org\/{rel}","templated":true}]}}

<p>Únase a Legal Aid at Work, ALMAS Libres y Raizes Collective en un evento dedicado a concientizar sobre los riesgos de exposición al calor que enfrentan los trabajadores agrícolas en la Bahía Norte y a abogar por mayores protecciones estatales.</p>
<p>Lugar: Parque de Comida de Mitote</p>
<p><strong>Para mas informacion, contacte a:</strong></p>
<p><strong>Athena Arana – aarana@legalaidatwork.org o 415-593-0054</strong></p>
<p><strong>Isabel Lopez – raizescollective@gmail.com o 707-286-6300</strong></p>
